89*w + 2944. Calculate the remainder when 1111 is divided by l(-33).
5
Let v(a) = -a**3 - 6*a**2 + 3*a + 7. Let i be v(-6). Let o(d) = -2*d - 26. Let u be o(i). What is the remainder when (-4 - -6)*(-166)/u is divided by 12?
11
Let i(m) be the second derivative of -m**5/20 - m**4/3 + 7*m**3/6 + 3*m**2 - 3*m - 1. Calculate the remainder when i(-6) is divided by 21.
15
Let n(z) = 11*z**3 + 8*z**2 - 27*z + 57. Calculate the remainder when 1825 is divided by n(2).
103
Suppose 6*c - 439 = -318*c + 2153. What is the remainder when 3197 is divided by c?
5
Let m be 12/(-2)*34/(-51). Suppose m*j - 264 = d, -5*d + 185 = 4*j - 79. What is the remainder when 125 is divided by j?
59
Let z(g) = -g**3 + 10*g**2 + 23*g + 28. Let b = 14 + -10. What is the remainder when b/(-6) - 402/(-9) is divided by z(12)?
12
Let l = 5427 + -4733. What is the remainder when 2788 is divided by l?
12
Suppose 5*a - 3*n - 40445 = -13833, -2*a = 3*n - 10649. Calculate the remainder when a is divided by 4.
3
Suppose 37 + 186 = 23*a - 53. What is the remainder when 46079 is divided by a?
11
Suppose 4*g - 8 = 2*t - 24, -2*t - g = -16. Let a = -81 - -161. Let w = a + t. Calculate the remainder when w is divided by 31.
26
Suppose 1703 - 481 = 47*b. Calculate the remainder when 2233 is divided by b.
23
Suppose 12 = -94*m + 90*m. What is the remainder when 62 is divided by 850/51 + (-2)/3 + m?
10
Suppose -505 + 179 = -5*s + 2*g, 40 = s - 4*g. Calculate the remainder when 329 is divided by s.
57
Calculate the remainder when (2122/(-10))/((2 - (-549)/(-270))*2) is divided by 792.
15
Suppose -73*i + 69*i = -2*x - 140, 0 = -2*i + 4*x + 76. What is the remainder when 692 is divided by i?
12
Suppose 10*k = 7*k + 36. Suppose -5*g + 4*c + 256 = 0, -4*g + 11*c = k*c - 209. What is the remainder when g is divided by 5?
2
Let k(z) = -2*z**3 - 16*z**2 + 46*z - 5. Calculate the remainder when k(-11) is divided by 120.
95
Suppose -j - 5*a - 82 = -4*j, -4*j - 4*a = -88. Suppose -643 + 61 = 63*b - 3228. Calculate the remainder when b is divided by j.
18
Suppose -1 = -2*u + 9. Suppose 0 = 2*r + 4*g, 9*r - u*g - 14 = 8*r. Calculate the remainder when 9 is divided by r.
1
Suppose 4*x = -4*h + 352, -3*h - h = x - 364. Suppose 161*m - 157*m - h = 0. What is the remainder when 77 is divided by m?
8
Suppose -279*f - 4*f + 19810 = 0. Calculate the remainder when 365 is divided by f.
15
Let o(s) = s**2 - s - 1. Let k(x) be the first derivative of 2*x**3 - 11*x**2/2 + 22*x + 9. Calculate the remainder when k(3) is divided by o(4).
10
Let o(h) = 14*h**2 + 30*h + 20. Calculate the remainder when o(-5) is divided by 193.
27
Calculate the remainder when (-5)/(520/(-16)) - (-24948)/78 is divided by 80.
0
Suppose 4*q = 2*j - 19 + 3, 0 = -3*j + 3*q + 12. Suppose -2*x + 5*b + 84 = -54, -2*b = j. What is the remainder when 688 is divided by x?
67
Let j be -24 - (-1 - (-3 + 6)). Let t(w) = 2*w**2 + 40*w + 13. What is the remainder when t(j) is divided by 9?
4
Let y(z) = -z**3 - 5*z**2 + 15*z - 5. Let b be y(-9). Suppose -32*m - b = -40*m. What is the remainder when m is divided by 13?
10
Let k = -33 + 35. Suppose 3*t - 170 = u, -k*u - 1 = -9. Suppose 2*q + 2*n = 48, -3*q + t = -n - 26. What is the remainder when q is divided by 14?
13
Calculate the remainder when ((-17460)/(-150))/(6/30) is divided by 171.
69
Suppose b + r - 61 = 0, b + 0 = 2*r + 52. What is the remainder when b is divided by ((-1280)/(-48) - 20)/(1/3)?
18
Let o be (9 + 76/(-8))/((-2)/556). Suppose -37 + o = 6*q. Let v = 5 - -4. Calculate the remainder when q is divided by v.
8
Let o(k) = 6*k**2 + 28*k + 111. Calculate the remainder when o(9) is divided by 214.
207
Let p = -2037 + 2054. Calculate the remainder when 43 is divided by p.
9
Suppose 0 = -0*o - 6*o. What is the remainder when (207/(-2) + o)/(36/(-72)) is divided by 26?
25
Let f(h) = -h + 25. Let u be f(16). Let q = 111 - 75. Calculate the remainder when 3 - (-1*103)/(u/9) is divided by q.
34
Suppose -618*p - 9024 = -622*p + 2*i, 9036 = 4*p - 5*i. Calculate the remainder when p is divided by 19.
12
Let t(u) = 23*u - 286. Calculate the remainder when 324 is divided by t(16).
78
Let c = 87 + -63. What is the remainder when ((-1)/(-2))/(11/2486) is divided by c?
17
Suppose -2*y + 61 = 5*c - 0*y, -3*c + 2*y + 27 = 0. Calculate the remainder when c is divided by 20*-15*(-18)/675.
3
Let z(n) = n**3 + 5*n**2 - 8*n. What is the remainder when -5 + (4/18 - (-17 + 4114/(-198))) is divided by z(-6)?
9
Let z(g) = 16*g**2 + 43*g + 15. What is the remainder when z(-6) is divided by 21?
18
Suppose 90*d = 302*d - 8056. Calculate the remainder when 260 is divided by d.
32
Suppose 4*o - 214 = 3*m, 240 - 68 = 4*o - 10*m. What is the remainder when 115 is divided by o?
57
Let b = 47 + -35. Suppose -3*x + x + b = 0. Suppose 8 + x = a. Calculate the remainder when a is divided by 5.
4
Suppose h - 3*w - 230 = 0, 110*h - 111*h = 5*w - 206. Calculate the remainder when h is divided by 29.
18
Let k(d) = 367*d - 10. Let o be k(4). Let l be (2/3)/(12/o). Suppose l = 2*z - 33. What is the remainder when z is divided by 20?
17
Suppose -5*q - u + 2259 = -786, 5*q = -5*u + 3065. What is the remainder when q is divided by 11?
3
Suppose 0 = -0*h + h - 54. Let w = -13233 + 13393. What is the remainder when w is divided by h?
52
Let q = -465 - -469. Let z(y) = -y**3 + 9*y**2 - 10*y + 20. What is the remainder when z(q) is divided by 22?
16
Suppose -2*m + 200 = b, -3*m - b = -235 - 65. Suppose 5*a + m = d + 3*a, -455 = -5*d + a. What is the remainder when d is divided by 13?
12
Let b(i) = -i**3 - 15*i**2 - 60*i - 22. Calculate the remainder when b(-16) is divided by 48.
42
Let o be (-1)/(-4) + 44/16. Let l = -2568 + 2571. Suppose 0 = o*z - 10 - 2, -3*j + 18 = -l*z. Calculate the remainder when 39 is divided by j.
9
Suppose -47 = 3*k - 53. Let r(o) = 3*o**2 + 10*o + 48. Calculate the remainder when r(-4) is divided by k.
0
Let n(a) = -a + 107. What is the remainder when n(-17) is divided by 43?
38
Let v = -7616 + 8103. What is the remainder when v is divided by 191?
105
Suppose 42219 - 6854 = 164*y - 27939. Calculate the remainder when y is divided by 19.
6
Let r be -5*-3*(-4)/(-30). Suppose -2*t = r*q - 38, -60 = -4*q + 4*t - 24. Let s = 50071 - 50018. Calculate the remainder when s is divided by q.
11
Let h(t) = t**3 + 21*t**2 + 39*t + 17. Let o be h(-19). What is the remainder when 1*o/(-6)*(750 - -18) is divided by 20?
16
Let f(y) = 2*y**2 - 33*y + 38. Let r be f(17). Suppose 4*v = 4*x + 152, -r = -3*v + x + 57. Calculate the remainder when v is divided by 11.
4
Let i(g) = -g + 5. Let f be i(1). What is the remainder when 34 is divided by (0 - 6/8)/(f/(-32))?
4
Suppose 7*q + 4*q = 1727. Let k(g) = 3*g + 19. What is the remainder when q is divided by k(-1)?
13
Suppose -897 = 10*k + 283. Calculate the remainder when k/(-8 - (9 + -16)) is divided by 7.
6
Let f be (0 - -2)/((-100)/(-15) + -6). Suppose -x + 24 = f*z, 4*x + 8*z - 79 = 13*z. Calculate the remainder when 291 is divided by x.
18
Suppose 5*r + 44 = 184. What is the remainder when (-255)/(-136) - (-171)/288*652 is divided by r?
25
Let t = -6349 - -7388. Calculate the remainder when t is divided by 9.
4
Let q = 1566 - 1562. Calculate the remainder when 165 is divided by q.
1
Let q be 10080/25 + 4/5. Suppose 3*i + q = -i. Let l = -78 - i. Calculate the remainder when 66 is divided by l.
20
Suppose -1385 = -7*i - 2*l, -2*i - 5*l + 212 = -i. What is the remainder when 198 is divided by i?
1
Let k(n) = 4 - 4 + 2 - 4*n + 4. What is the remainder when ((-76)/28 - -3) + (-1564)/(-14) is divided by k(-8)?
36
Suppose -3*d + d - 3*m + 27 = 0, 0 = 3*d - 5*m + 7. Calculate the remainder when 335 is divided by (6/9 - 208/d)/(-1).
29
Suppose 3*a + 5*b = 1, -4*a - 1 + 14 = -5*b. Suppose -a*w + 376 + 850 = 0. Let f = w + -416. Calculate the remainder when f is divided by 40.
37
Suppose 5*g - h = 188, 2*g = 3*g + 4*h - 25. Suppose 4*f - 3*d + 2 = -1, 2*f + 2 = 2*d. Suppose -s + 15 = -f*s. What is the remainder when g is divided by s?
7
Let t(i) = 0*i**2 - i**2 + 4 - 21 + 0*i**2 - 10*i. Let p = 1781 - 1787. What is the remainder when t(p) is divided by 3?
1
Suppose -312 = 16*b - 24*b. Suppose -g + 0*g = -3*h - 6, -3*h = -5*g + 42. What is the remainder when b is divided by g?
3
What is 